ert 13104455 (base 6) to base 5.
102204343
-42151234 (base 6) to base 12
-4b251a
6465a5 (base 13) to base 5
1100344124
Convert -7055583 (base 10) to base 15.
-945823
Convert 23cd2 (base 14) to base 13.
30b46
14b766 (base 16) to base 5
321421140
-102100130 (base 6) to base 4
-12302300112
Convert -3244401 (base 9) to base 15.
-2461c1
What is 20122022100100 (base 3) in base 13?
96758a
Convert -144343021 (base 6) to base 16.
-2e01f5
1535160 (base 7) to base 2
110011011100000101
Convert 2146646 (base 7) to base 4.
1000132133
What is -23059 (base 16) in base 3?
-21021202221
What is -332548 (base 11) in base 6?
-15211311
Convert 1110010000100011 (base 2) to base 13.
20777
Convert -21a619c (base 13) to base 15.
-d8de6b
-118653 (base 9) to base 14
-1c332
Convert -8cd2b1 (base 14) to base 8.
-22236473
10002000000001 (base 3) to base 13
4527a6
What is 187376 (base 11) in base 2?
1000110010011000110
What is 2850511 (base 11) in base 7?
56460214
-3135332 (base 7) to base 10
-378842
Convert -1283d0 (base 14) to base 9.
-1171277
Convert 96a1b (base 13) to base 8.
1023111
Convert -550534540 (base 6) to base 16.
-962bbc
-6134678 (base 9) to base 5
-1314131401
Convert 371426 (base 8) to base 14.
347c2
What is -637dae (base 15) in base 6?
-245252315
Convert 1fc8de (base 16) to base 6.
112351410
What is -400ab (base 14) in base 3?
-21210222212
-498900 (base 11) to base 3
-1111000112110
Convert 546470 (base 16) to base 11.
3138362
What is -306074 (base 9) in base 2?
-101100010101010100
-1556544 (base 7) to base 16
-34bd8
What is a83a34 (base 12) in base 7?
31421434
272524 (base 8) to base 10
95572
What is -61b0c5 (base 13) in base 2?
-1000101100110011000111
What is -22a40 (base 11) in base 15?
-9c83
What is 97b50 (base 14) in base 16?
59a4a
What is -1000101111001000101011 (base 2) in base 16?
-22f22b
What is 14150265 (base 7) in base 14?
26626c
-246c4 (base 15) to base 9
-186454
Convert 11731673 (base 8) to base 6.
131433523
Convert 194293 (base 11) to base 8.
1106770
What is 136064 (base 9) in base 13?
2bb13
Convert -7913a0 (base 15) to base 14.
-aa4a82
19396c (base 15) to base 10
1227252
What is -4014042020 (base 5) in base 8?
-36262655
Convert -5a4832 (base 12) to base 15.
-1dc732
Convert -10101100101100000 (base 2) to base 7.
-515526
86674 (base 12) to base 6
3444224
-3242212221 (base 5) to base 6
-405504201
What is -2683935 (base 11) in base 7?
-54240300
Convert 1300310321 (base 4) to base 15.
91de2
What is -563448 (base 11) in base 16?
-db25e
3421120 (base 7) to base 14
b1047
Convert -1111110011000100011000 (base 2) to base 8.
-17630430
What is 351a20 (base 11) in base 3?
1001101200210
Convert -7b54 (base 16) to base 2.
-111101101010100
1101101100111101 (base 2) to base 16
db3d
112210101 (base 3) to base 4
2220133
Convert -6037a4 (base 14) to base 11.
-1910858
Convert -5546233 (base 10) to base 15.
-7484dd
What is 4020746 (base 9) in base 14?
3d99b1
Convert 1352267 (base 9) to base 5.
142234244
Convert -37080 (base 9) to base 7.
-132321
Convert -100011001110111110111 (base 2) to base 10.
-1154551
What is -a7869 (base 11) in base 5?
-20004040
What is -1111011100111101 (base 2) in base 9?
-105735
Convert -6037400 (base 9) to base 13.
-886a40
-d3d2f (base 16) to base 4
-3103310233
-c23560 (base 13) to base 3
-22111122111001
Convert -201250205 (base 7) to base 8.
-54465655
Convert 20887203 (base 9) to base 5.
10041033321
Convert 1401231304 (base 5) to base 11.
1aa837a
What is 45706 (base 8) in base 9?
28543
What is 30dc6d (base 14) in base 16?
193389
-41242131 (base 5) to base 14
-8ac34
Convert -2360725 (base 9) to base 13.
-35a7b5
-317766 (base 8) to base 4
-121333312
What is 24125563 (base 7) in base 12?
873214
What is -130535466 (base 7) in base 2?
-11111110001010110110011
What is 1102002201 (base 3) in base 16?
6c7f
62b0c (base 13) to base 12
86967
What is -3132113202 (base 4) in base 15?
-12ed13
10102111211 (base 3) to base 10
67441
Convert -12365042 (base 8) to base 2.
-1010011110101000100010
Convert 10573 (base 16) to base 9.
111727
-867842 (base 10) to base 2
-11010011111000000010
Convert 25243243 (base 6) to base 16.
c6e2b
What is -231233230 (base 4) in base 8?
-555754
b3599 (base 13) to base 2
1001110100011000101
-225004 (base 7) to base 14
-108ab
-265291 (base 11) to base 16
-65cb1
Convert 2447065 (base 8) to base 11.
421473
Convert -1038227 (base 11) to base 7.
-21344535
Convert 477466 (base 10) to base 9.
806857
Convert 6244659 (base 10) to base 8.
27644463
815ad (base 14) to base 7
2434206
What is 7146524 (base 8) in base 3?
10112220021002
64307 (base 14) to base 6
5104403
14003143 (base 6) to base 5
104423041
701600 (base 12) to base 11
a91673
1720512 (base 9) to base 13
277271
-156515 (base 12) to base 16
-58c61
Convert -131332311 (base 4) to base 6.
-2344313
5233266 (base 7) to base 2
10011001110111011101
141513 (base 11) to base 9
366833
What is -2515227 (base 9) in base 3?
-2120112020221
8a18a4 (base 12) to base 15
2d724a
-102110240 (base 5) to base 8
-1477337
af85 (base 16) to base 15
d4a8
What is -52b05b (base 12) in base 16?
-13e887
What is 242406 (base 7) in base 3?
2020111120
-21220000012 (base 3) to base 4
-211322102
Convert -31433f (base 16) to base 15.
-43b8be
-54733 (base 8) to base 11
-16312
Convert -624422 (base 8) to base 2.
-110010100100010010
What is 12610065 (base 7) in base 10?
1162131
What is -164341 (base 8) in base 13?
-2119c
What is 737361 (base 8) in base 15?
4cb0e
1bcdb (base 16) to base 10
113883
-11010011011111000 (base 2) to base 8
-323370
20860 (base 11) to base 13
10a50
Convert -23a888 (base 12) to base 2.
-10001101001101101000
Convert 828318 (base 11) to base 16.
144650
-102045150 (base 8) to base 9
-35528287
23470027 (base 9) to base 6
1045130041
What is 5f5a6 (base 16) in base 3?
201211202102
68169 (base 11) to base 13
35bc7
-12245063 (base 7) to base 8
-4153713
243521055 (base 6) to base 8
21616673
What is 7894 (base 12) in base 6?
141504
Convert 2275118 (base 9) to base 2.
100101100011100111010
-1289792 (base 14) to base 11
-5055869
Convert -1111111100000010100111 (base 2) to base 14.
-7aa8ab
What is -13f9f5 (base 16) in base 2?
-100111111100111110101
-78798 (base 11) to base 14
-2d813
Convert 3ae3b4 (base 16) to base 7.
44542560
Convert -10101211 (base 4) to base 14.
-6549
24110024 (base 5) to base 10
222514
-10221200302 (base 4) to base 16
-129832
3223301202 (base 5) to base 15
90591c
Convert 12211133 (base 4) to base 14.
9b8b
-1212500 (base 8) to base 15
-68a80
Convert 347673 (base 9) to base 10.
209046
Convert -345c7a6 (base 13) to base 3.
-1010100210112212
-21001311 (base 4) to base 3
-1212201200
Convert 167532 (base 13) to base 14.
107992
What is 320653 (base 7) in base 12?
28197
2320000022 (base 4) to base 10
753674
What is 230333111 (base 4) in base 13?
65b52
Convert 2804785 (base 10) to base 16.
2acc31
-101000000000100000 (base 2) to base 5
-20220442
Convert -1000111111111100100010 (base 2) to base 7.
-26023524
What is 3102240400 (base 5) in base 6?
342452500
345642 (base 10) to base 6
11224110
What is 340106 (base 7) in base 4?
32222300
What is 350033 (base 7) in base 5?
3444300
What is -3055111 (base 6) in base 5?
-14210241
What is 110011011010100110110 (base 2) in base 13?
46cb23
Convert 52415202 (base 6) to base 2.
101110100101100010010
Convert 291c5b (base 16) to base 3.
12001212210111
Convert -2c4b4 (base 15) to base 13.
-50011
-8d4 (base 15) to base 7
-5554
What is -30030023 (base 5) in base 6?
-5021451
What is -130041232 (base 5) in base 9?
-1156025
Convert 13c9 (base 15) to base 6.
31343
Convert -101212033 (base 4) to base 8.
-214617
Convert 1002220202201 (base 3) to base 14.
114858
Convert 11111111000111110011001 (base 2) to base 5.
4120003313
Convert -379552 (base 12) to base 7.
-10501115
What is -176033 (base 8) in base 15?
-141c9
Convert -1001100101000011 (base 2) to base 4.
-21211003
Convert -102231130230 (base 4) to base 6.
-253043100
What is 20474 (base 16) in base 14?
3627a
What is 17cee0 (base 15) in base 13?
316b9c
What is -9191003 (base 10) in base 16?
-8c3e5b
Convert 20121110100 (base 3) to base 5.
13130340
-11432051 (base 9) to base 8
-25202321
What is -60823 (base 9) in base 5?
-2240120
Convert -13dcd09 (base 14) to base 3.
-200012200120210
120120010033 (base 4) to base 6
344